(4)?
25
Let h(b) = 2*b**3 + 114*b**2 + 223*b + 119. Give h(-55).
-46
Let x(i) = -i**2 - 45*i - 385. Give x(-6).
-151
Let q(l) = -30*l**2 - 1777*l - 416. Give q(-59).
-3
Let f(j) = j + 21. Give f(28).
49
Let j(l) = l**3 - 94*l**2 - 182*l - 945. Give j(96).
15
Let y(c) = -54*c**3 + 10*c**2 + 4*c - 5. Calculate y(-1).
55
Let r(w) = 49*w**2 - 353*w + 68. Give r(7).
-2
Let h(w) = -3354*w + 60381. Determine h(18).
9
Let b(h) = h**3 + 14*h**2 - 123*h - 47. Calculate b(-20).
13
Let i(u) = -u**3 + 18*u**2 - 10*u - 25. Give i(16).
327
Let f(g) = 78*g - 191. Give f(2).
-35
Let a(x) = 3*x**2 - 30*x + 48. Calculate a(5).
-27
Let s(z) = 30*z + 10. Calculate s(1).
40
Let i(y) = y**3 - 17*y**2 - 169*y - 13. Calculate i(-7).
-6
Let v(q) = 2*q**3 - 19*q**2 + 55*q - 46. Give v(4).
-2
Let n(l) = -l**2 + 11*l + 15. Give n(16).
-65
Let h(v) = -6*v**3 + 13*v + 28. Give h(-2).
50
Let o(k) = -27*k + 228. Give o(11).
-69
Let v(o) = 45*o + 2828. Determine v(-63).
-7
Let d(j) = -j**3 + 23*j**2 + 44*j + 136. Give d(25).
-14
Let u(q) = -3*q**2 - 261*q - 787. What is u(-3)?
-31
Let m(t) = -5*t**2 - 151*t - 437. What is m(-3)?
-29
Let p(n) = -n**3 + 4*n**2 + 22*n - 79. What is p(5)?
6
Let a(t) = t**2 + 13*t + 49. Give a(-20).
189
Let d(k) = k**3 - 34*k**2 + 60*k + 134. Calculate d(32).
6
Let x(u) = 3*u**3 - 192*u**2 + 11*u - 703. Determine x(64).
1
Let s(b) = 2*b**3 - 23*b**2 - 23*b + 173. Give s(12).
41
Let s(j) = 18*j**2 - 3081*j + 514. Determine s(171).
1
Let j(r) = 40*r - 118. Calculate j(3).
2
Let c(o) = 166*o + 1490. Determine c(-9).
-4
Let f(h) = 3*h**3 - 33*h**2 - 12*h + 129. Calculate f(11).
-3
Let h(w) = -2*w**2 - 56*w - 1. Calculate h(-2).
103
Let y(u) = -u**2 + 280*u + 3500. What is y(-12)?
-4
Let n(p) = p**3 - 69*p**2 - 213*p + 8. Determine n(72).
224
Let x(j) = 146*j - 640. Give x(4).
-56
Let a(i) = -46*i + 160. Determine a(6).
-116
Let a(d) = -d**3 + 14*d**2 + 16*d - 381. Determine a(13).
-4
Let q(p) = -3*p**2 + 61*p + 284. What is q(-4)?
-8
Let r(p) = p**3 + 42*p**2 + 344*p + 95. Give r(-31).
2
Let t(w) = w**3 - 4*w**2 - 11*w - 1. Calculate t(-3).
-31
Let p(f) = -2*f**3 + 13*f**2 - f - 13. What is p(6)?
17
Let x(t) = 83*t - 5439. Determine x(65).
-44
Let h(q) = -171*q + 1542. Give h(9).
3
Let j(v) = 130*v**2 + 913*v - 4. Determine j(-7).
-25
Let j(k) = k**3 - 40*k**2 + 116*k - 109. Determine j(37).
76
Let t(u) = 2365*u + 18915. What is t(-8)?
-5
Let x(u) = -u**3 - 6*u**2 + 20*u + 11. What is x(-9)?
74
Let g(o) = -20*o**2 + 3*o + 8. Give g(-2).
-78
Let y(p) = 183*p - 3117. Give y(17).
-6
Let n(z) = -4635*z - 18552. What is n(-4)?
-12
Let j(p) = -p**2 + 33*p + 42. Determine j(27).
204
Let s(j) = 3*j**3 + 130*j**2 + 43*j - 42. Determine s(-43).
-42
Let j(a) = 2*a**2 + 180*a + 351. Give j(-88).
-1
Let l(z) = z**2 - 129*z - 1856. Calculate l(-13).
-10
Let p(z) = 4*z**2 - 51*z + 39. What is p(12)?
3
Let k(y) = y**3 + 18*y**2 + 48*y - 37. Calculate k(-15).
-82
Let h(m) = 10*m**2 + 1581*m + 172. Determine h(-158).
14
Let z(f) = -3*f**2 + 21*f + 144. Determine z(-4).
12
Let s(a) = -2*a**2 - 3105*a + 9329. Calculate s(3).
-4
Let q(l) = 10*l - 67. Determine q(7).
3
Let u(f) = -3*f**3 + 20*f**2 - 11*f - 24. Calculate u(6).
-18
Let w(q) = 240*q**2 - 105*q + 105. Determine w(1).
240
Let o(u) = -u**3 - 54*u**2 - 60*u - 225. Determine o(-53).
146
Let m(f) = f**3 + 7*f**2 + 3*f + 14. What is m(-4)?
50
Let t(g) = -407*g - 1558. Calculate t(-4).
70
Let o(v) = v**3 + 24*v**2 - v + 34. Calculate o(-24).
58
Let g(s) = -104*s - 2326. Determine g(-23).
66
Let a(i) = i**3 + 48*i**2 + 511*i - 7. What is a(-32)?
25
Let n(p) = 732*p + 164691. Give n(-225).
-9
Let o(s) = 1369*s + 4094. Calculate o(-3).
-13
Let v(a) = -388*a - 7375. Calculate v(-19).
-3
Let c(s) = s**2 + 48*s + 298. Calculate c(-42).
46
Let n(z) = -z**3 - 3*z**2 - 126*z - 880. Give n(-6).
-16
Let z(d) = 70*d + 5412. What is z(-78)?
-48
Let j(o) = o**3 - 12*o**2 + 40*o - 86. Determine j(6).
-62
Let l(y) = y**2 - 6*y - 213. Determine l(18).
3
Let y(p) = 42*p - 40. What is y(1)?
2
Let s(j) = -j**3 + 3*j**2 - 7*j + 19. Calculate s(5).
-66
Let v(h) = 5*h + 19. Give v(8).
59
Let d(s) = -s**3 + 12*s**2 + 68*s - 18. Determine d(17).
-307
Let j(w) = -w**2 + 5*w + 57. Determine j(-5).
7
Let f(u) = 6*u + 504. What is f(-59)?
150
Let g(p) = p**3 - 5*p**2 - 25*p + 16. Determine g(8).
8
Let p(u) = 16*u**2 - 45*u - 287. Determine p(-3).
-8
Let o(j) = j**3 + 62*j**2 - 197*j + 4. Calculate o(3).
-2
Let o(b) = 190*b + 3577. Give o(-20).
-223
Let m(u) = -351*u + 53015. Give m(151).
14
Let s(t) = 2*t**2 + 42*t + 99. Give s(-10).
-121
Let f(k) = -4*k + 64. Determine f(32).
-64
Let s(f) = 3*f**2 - 18*f + 127. Calculate s(7).
148
Let f(u) = u**3 + 16*u**2 - 15*u + 88. Calculate f(-17).
54
Let i(r) = -14*r**2 + 14*r - 59. Determine i(4).
-227
Let q(v) = 404*v + 20251. Calculate q(-50).
51
Let n(b) = -2*b**3 - 19*b**2 - 57*b - 264. Give n(-8).
0
Let i(u) = -193*u + 3405. Determine i(18).
-69
Let r(o) = -o**2 - 11*o + 19. Calculate r(-15).
-41
Let f(r) = 23*r**2 - 1815*r - 168. What is f(79)?
-10
Let m(c) = -c**2 - 109*c + 6534. Determine m(43).
-2
Let n(k) = -k**3 + 13*k**2 - 31*k - 32. Calculate n(8).
40
Let k(x) = -x**3 - 3*x**2 + 9*x + 14. What is k(-3)?
-13
Let c(b) = b**3 + 73*b**2 - 299*b + 685. What is c(-77)?
-8
Let b(w) = 2*w**3 - 21*w**2 + 46*w - 21. Calculate b(8).
27
Let d(k) = k**2 + 74*k + 844. Calculate d(-13).
51
Let b(z) = 5*z**2 + 6*z - 100. Give b(8).
268
Let v(c) = 8361*c + 41804. Determine v(-5).
-1
Let h(m) = 101*m - 594. Determine h(6).
12
Let p(i) = i**2 - 610*i - 2440. What is p(-4)?
16
Let i(t) = t**3 - 7*t**2 + 15. Determine i(9).
177
Let r(u) = -u**3 + 3*u**2 + 51*u + 16. Determine r(-6).
34
Let a(g) = -g**2 + 79*g - 596. Determine a(65).
314
Let o(t) = 5*t**2 - 4*t - 31. What is o(5)?
74
Let s(w) = -2*w**2 + 24*w - 42. Calculate s(12).
-42
Let a(s) = 2*s**3 - 25*s**2 + 55*s - 21. What is a(10)?
29
Let d(y) = -y + 44. Calculate d(27).
17
Let c(d) = -10*d + 116. What is c(13)?
-14
Let z(k) = 17*k**3 + 7*k**2 + 30*k + 46. What is z(-2)?
-122
Let c(y) = -64*y**2 + 45*y + 18. Calculate c(1).
-1
Let p(i) = -44*i - 20. Determine p(-1).
24
Let c(g) = -3*g**2 - 70*g - 42. What is c(-30)?
-642
Let z(c) = c**2 + 28*c + 327. What is z(-15)?
132
Let m(y) = -2*y**3 + 67*y**2 - 225*y + 6329. Calculate m(33).
-7
Let j(y) = -3*y**3 - 263*y**2 + 1675*y + 71. Calculate j(6).
5
Let s(m) = -2*m**3 + 3*m**2 - 672*m + 2029. What is s(3)?
-14
Let l(x) = -2*x**3 - 12*x**2 - 43*x - 155. Determine l(-5).
10
Let f(j) = 10*j**2 - 294*j - 503. What is f(31)?
-7
Let n(w) = -2*w**3 - 53*w**2 + 24*w + 13. Calculate n(-27).
94
Let q(x) = 3*x**3 + x**2 + 4*x + 3. Determine q(-1).
-3
Let w(f) = 61*f + 614. Calculate w(-10).
4
Let p(h) = h**3 - 2*h**2 - h + 357. Calculate p(0).
357
Let y(s) = 83*s - 7636. Determine y(92).
0
Let x(g) = -194*g**2 + 3875*g + 4. Give x(20).
-96
Let t(f) = 2*f**3 + 105*f**2 - 272*f + 156. Determine t(-55).
-9
Let q(j) = -2*j**2 - j + 387. Give q(-14).
9
Let o(r) = 433*r**2 - 2*r + 6. Calculate o(0).
6
Let i(g) = 203*g**2 - 5*g + 4. What is i(1)?
202
Let d(w) = -60*w**2 + 19*w - 40. Calculate d(2).
-242
Let v(j) = 484*j + 891. Calculate v(-2).
-77
Let c(p) = -352*p - 17579. What is c(-50)?
21
Let n(a) = 50*a + 1308. Give n(-26).
8
Let d(o) = o**3 + 102*o**2 + 346*o - 4515. Calculate d(-98).
-7
Let r(q) = q**2 - 102*q - 29795. Determine r(-129).
4
Let o(b) = -2278*b - 43289. Determine o(-19).
-7
Let j(o) = o**3 - 9*o**2 - 107*o - 77. Determine j(-7).
-112
Let m(i) = -i**2 + 98*i - 1752. Determine m(74).
24
Let a(y) = -y**3 + 39*y**2 + 167*y + 207. Calculate a(43).
-8
Let t(b) = -b**3 + 80*b**2 + 47*b - 3734. Give t(80).
26
Let k(n) = -4*n**3 + 9*n**2 + 19*n - 63. What is k(2)?
-21
Let t(p) = p**2 - 2088*p + 14561. Give t(7).
-6
Let m(d) = -d**2 - 19*d - 120. What is m(-6)?
-42
Let a(q) = 5*q - 114. Calculate a(11).
-59
Let h(z) = -z**3 + 31*z**2 + 66*z - 27. Determine h(33).
-27
Let v(s) = -s**3 + 55*s**2 + 884*s - 9. What is v(-13)?
-9
Let u(d) = d**3 - 8*d**2 - 226*d + 468. What is u(2)?
-8
Let n(v) = -11*v**3 + 4*v - 1. What is n(-3)?
284
Let g(v) = -1258*v - 255386. Calculate g(-203).
-12
Let d(h) = 2220*h + 79903. Determine d(-36).
-17
Let u(y) = 2*y**2 + 26*y - 10. Give u(-13).
-10
Let x(r) = -32*r**2 + 29*r + 20. Gi